vide 96596?
True
Is 20 a factor of 4361920?
True
Does 43 divide 309771?
False
Does 120 divide 2480050?
False
Does 19 divide 60356?
False
Is 8871158 a multiple of 29?
True
Is 724906 a multiple of 60?
False
Is 1464532 a multiple of 120?
False
Is 5342378 a multiple of 166?
True
Is 6683337 a multiple of 33?
False
Is 143 a factor of 92807?
True
Is 14 a factor of 1761592?
True
Does 38 divide 334352?
False
Does 424 divide 514964?
False
Is 2167770 a multiple of 30?
True
Is 12985003 a multiple of 1128?
False
Is 21 a factor of 765975?
True
Does 22 divide 992910?
False
Is 8 a factor of 18607280?
True
Is 2326550 a multiple of 475?
True
Is 3550806 a multiple of 126?
True
Does 36 divide 58196?
False
Does 12 divide 3044004?
True
Is 658240 a multiple of 68?
True
Does 15 divide 26901?
False
Does 13 divide 92153?
False
Is 63511 a multiple of 9?
False
Is 21 a factor of 130494?
True
Does 3 divide 36993?
True
Is 20757 a multiple of 9?
False
Is 3030780 a multiple of 446?
False
Does 17 divide 7832459?
False
Is 140 a factor of 172674?
False
Is 43 a factor of 1414224?
False
Is 4 a factor of 2269340?
True
Is 5444714 a multiple of 22?
True
Is 85 a factor of 75789?
False
Does 35 divide 18855?
False
Is 21 a factor of 23214673?
False
Is 2456894 a multiple of 17?
False
Is 135 a factor of 22111?
False
Does 29 divide 297638?
False
Is 177522 a multiple of 542?
False
Is 3553200 a multiple of 225?
True
Does 135 divide 1649295?
True
Is 199 a factor of 1432203?
True
Is 6465625 a multiple of 25?
True
Is 38 a factor of 1215012?
True
Is 184 a factor of 700856?
True
Does 106 divide 191636?
False
Is 23446848 a multiple of 16?
True
Does 624 divide 988828?
False
Is 461564 a multiple of 692?
True
Does 90 divide 1499967?
False
Does 183 divide 33505?
False
Does 155 divide 841831?
False
Is 20 a factor of 2237669?
False
Is 631 a factor of 3713658?
False
Is 325 a factor of 6063525?
True
Does 2297 divide 14679144?
False
Is 402 a factor of 4982388?
True
Is 173165 a multiple of 458?
False
Does 62 divide 321037?
False
Is 91088 a multiple of 116?
False
Is 607 a factor of 283932?
False
Is 5 a factor of 554410?
True
Does 72 divide 1630296?
True
Does 51 divide 90678?
True
Is 77 a factor of 9464917?
True
Is 24893 a multiple of 31?
True
Is 72 a factor of 8640?
True
Is 110242 a multiple of 139?
False
Is 1739 a factor of 4316261?
False
Is 740 a factor of 13352179?
False
Does 12 divide 2875920?
True
Does 84 divide 7957?
False
Is 21 a factor of 201096?
True
Is 17 a factor of 201535?
True
Does 13 divide 579439?
False
Is 515 a factor of 2049123?
False
Does 169 divide 2722300?
False
Is 355253 a multiple of 13?
False
Does 140 divide 1726760?
True
Does 22 divide 1854336?
True
Is 934200 a multiple of 360?
True
Is 42 a factor of 68669?
False
Is 1013077 a multiple of 485?
False
Does 28 divide 40325?
False
Does 7 divide 201770?
False
Is 32508 a multiple of 5?
False
Is 448551 a multiple of 449?
True
Is 520463 a multiple of 29?
True
Does 3 divide 1137015?
True
Is 229635 a multiple of 45?
True
Does 17 divide 2496804?
False
Is 6386084 a multiple of 915?
False
Does 10 divide 2903772?
False
Is 802155 a multiple of 452?
False
Is 247 a factor of 273676?
True
Is 83793 a multiple of 324?
False
Does 10 divide 37100?
True
Is 57 a factor of 623689?
False
Is 5162635 a multiple of 33?
False
Is 306180 a multiple of 14?
True
Does 61 divide 1591238?
False
Is 91575 a multiple of 6?
False
Is 24 a factor of 305057?
False
Does 222 divide 418582?
False
Is 376891 a multiple of 72?
False
Is 1109435 a multiple of 40?
False
Is 2904 a multiple of 242?
True
Is 60 a factor of 129600?
True
Does 1196 divide 252356?
True
Does 66 divide 623365?
False
Is 197 a factor of 983335?
False
Is 1423408 a multiple of 497?
True
Is 10 a factor of 813920?
True
Does 9 divide 12844143?
True
Does 454 divide 188410?
True
Does 48 divide 1012800?
True
Does 37 divide 40700?
True
Does 72 divide 231840?
True
Is 5 a factor of 4324473?
False
Is 8913899 a multiple of 19?
False
Does 393 divide 468849?
True
Is 4374540 a multiple of 103?
False
Is 110336 a multiple of 16?
True
Does 201 divide 2351209?
False
Is 337 a factor of 21259?
False
Does 348 divide 2467320?
True
Is 1566708 a multiple of 2?
True
Is 3221 a multiple of 7?
False
Does 229 divide 424942?
False
Is 912596 a multiple of 155?
False
Does 476 divide 255562?
False
Is 671158 a multiple of 6?
False
Does 85 divide 9247?
False
Is 7138 a multiple of 47?
False
Is 36 a factor of 730717?
False
Is 1115 a factor of 15627840?
True
Is 3497120 a multiple of 220?
True
Is 9 a factor of 2652800?
False
Is 1012128 a multiple of 24?
True
Does 212 divide 1426124?
True
Is 95 a factor of 250728?
False
Is 49 a factor of 1403654?
True
Does 1224 divide 7750368?
True
Does 6 divide 4576680?
True
Is 11 a factor of 9962469?
True
Does 11 divide 1052381?
True
Is 234171 a multiple of 531?
True
Does 12 divide 40399?
False
Is 79 a factor of 71684?
False
Is 890827 a multiple of 36?
False
Is 11 a factor of 141207?
True
Is 5 a factor of 98765?
True
Does 66 divide 9232358?
False
Is 31170 a multiple of 41?
False
Is 266 a factor of 6374144?
False
Does 215 divide 28737?
False
Is 519876 a multiple of 155?
False
Does 791 divide 2765336?
True
Is 486013 a multiple of 17?
True
Is 5508014 a multiple of 361?
False
Does 23 divide 1633?
True
Does 32 divide 740205?
False
Is 21 a factor of 1389017?
False
Does 49 divide 104125?
True
Does 18 divide 24872907?
False
Does 40 divide 4806760?
True
Is 108 a factor of 2212596?
True
Is 43 a factor of 1612117?
False
Is 714689 a multiple of 107?
False
Is 21 a factor of 25584?
False
Is 10059923 a multiple of 19?
False
Is 320348 a multiple of 14?
True
Does 44 divide 186428?
True
Is 8660439 a multiple of 27?
True
Does 369 divide 3133548?
True
Does 57 divide 26163?
True
Is 552 a factor of 335616?
True
Is 7 a factor of 3996958?
True
Is 404118 a multiple of 99?
True
Is 623636 a multiple of 67?
True
Is 5344988 a multiple of 662?
True
Does 87 divide 178077?
False
Does 672 divide 2798257?
False
Is 13680701 a multiple of 65?
False
Is 69030 a multiple of 5?
True
Is 461943 a multiple of 243?
True
Is 100 a factor of 2992500?
True
Is 51559 a multiple of 70?
False
Is 17 a factor of 87292?
False
Is 283136 a multiple of 378?
False
Is 748800 a multiple of 104?
True
Is 2 a factor of 176100?
True
Does 73 divide 2873864?
True
Does 29 divide 2709962?
False
Does 1085 divide 4367299?
False
Does 109 divide 1043833?
False
Is 55 a factor of 649330?
True
Does 23 divide 2172?
False
Is 82 a factor of 1760655?
False
Is 426752 a multiple of 35?
False
Is 412 a factor of 239169?
False
Does 15 divide 752945?
False
Does 8 divide 20152?
True
Is 39 a factor of 183229?
False
Is 305 a factor of 17414890?
True
Does 210 divide 136920?
True
Is 80 a factor of 3282377?
False
Is 222 a factor of 3523362?
True
Does 6 divide 76956?
True
Is 27 a factor of 596025?
True
Is 48798 a multiple of 38?
False
Is 129 a factor of 141045?
False
Is 54928 a multiple of 717?
False
Does 137 divide 62335?
True
Does 329 divide 72051?
True
Does 41 divide 2311621?
True
Does 641 divide 975280?
False
Does 128 divide 402483?
False
Is 361008 a multiple of 23?
True
Is 100 a factor of 160645?
False
Is 483 a factor of 2890674?
False
Is 64 a factor of 7059746?
False
Is 598176 a multiple of 3?
True
Is 17 a factor of 622863?
True
Does 90 divide 228600?
True
Is 21 a factor of 67420?
False
Is 20 a factor of 800820?
True
Does 61 divide 82902?
False
Is 283119 a multiple of 115?
False
Is 20 a factor of 493160?
True
Is 11 a factor of 673409?
True
Does 303 divide 10659426?
False
Is 28 a factor of 785691?
False
Is 86878 a multiple of 15?
False
Is 431 a factor of 5801691?
True
Is 149536 a multiple of 191?
False
Is 78343 a multiple of 23?
False
Is 61 a factor of 1304302?
True
Does 116 divide 3703106?
False
Does 11 divide 1476618?
True
Is 394 a factor of 5294069?
False
Is 33326 a multiple of 8?
False
Is 11 a factor of 921921?
True
Does 133 divide 382548?
False
Is 172 a factor of 8011932?
True
Is 247940 a multiple of 196?
True
Does 21 divide 273009?
False
Does 36 divide 517698?
False
Is 3486779 a multiple of 35?
False
Is 161208 a multiple of 18?
True
Does 90 divide 12968730?
True
Does 242 divide 125586?
False
Does 10 divide 444540?
True
Is 825309 a multiple of 443?
True
Is 1981287 a multiple of 21?
True
Is 3 a facto